h(4).
2
Let v(z) = -4244*z + 475240. Determine v(112).
-88
Let b(c) = -2*c**2 - 589*c - 27801. Calculate b(-59).
-12
Let n(y) = 13074*y + 3464556. What is n(-265)?
-54
Let b(y) = -2*y**3 + 53*y**2 - 34*y - 125. What is b(2)?
3
Let w(d) = 2*d**3 - 188*d**2 + 1990*d - 260. What is w(12)?
4
Let v(o) = -3131*o**2 - 46996*o - 455. What is v(-15)?
10
Let t(n) = -1709*n - 17060. Calculate t(-10).
30
Let b(r) = 14481*r - 29206. What is b(2)?
-244
Let w(o) = 37*o**3 + 3*o**2 + 1032*o + 1031. What is w(-1)?
-35
Let o(g) = -g**3 + 34*g**2 - 107*g - 1363. Determine o(10).
-33
Let t(n) = -301*n - 58101. Give t(-193).
-8
Let t(j) = -1325*j - 9159. What is t(-7)?
116
Let b(i) = -150*i - 17108. What is b(-111)?
-458
Let c(r) = -13493*r - 663. Determine c(0).
-663
Let q(w) = 2*w**2 - 537*w - 1373. What is q(271)?
-18
Let k(w) = -11*w**2 + 33*w + 180. What is k(-4)?
-128
Let x(q) = 12*q**2 + 195*q + 42. Give x(-14).
-336
Let p(v) = 2*v**3 + 135*v**2 - 75*v - 477. Give p(-68).
-1
Let b(j) = -4*j**2 - 111*j + 1929. Determine b(12).
21
Let x(z) = 9*z**2 - 140*z + 286. Calculate x(16).
350
Let g(h) = 44*h**2 + 414*h - 250. Determine g(-10).
10
Let n(u) = -u**2 - 25*u - 930. Calculate n(21).
-1896
Let i(d) = -10*d**2 + 107*d + 12. Determine i(1).
109
Let k(g) = -g**2 - 266*g - 808. Give k(-3).
-19
Let t(n) = 2*n**2 + 415*n - 16969. Calculate t(-242).
-271
Let d(k) = 3*k**3 + 103*k**2 + 397*k - 124. Determine d(-30).
-334
Let d(p) = 15*p**2 - 5118*p - 79023. Calculate d(356).
9
Let r(z) = 5*z**2 + 125*z - 11110. What is r(36)?
-130
Let u(s) = 366*s**2 - 54902*s + 186. Determine u(150).
-114
Let o(v) = 301*v - 15878. Determine o(53).
75
Let i(s) = -s**3 - 303*s**2 - 665*s - 18954. What is i(-301)?
9
Let m(j) = -7*j**3 - j**2 + 60*j + 188. Determine m(-3).
188
Let y(u) = -55*u**3 - 12043*u**2 + 680*u + 52990. Determine y(-219).
-8
Let j(p) = -2*p**3 + 35*p**2 + 203*p + 121. What is j(-4)?
-3
Let p(r) = 5*r**3 - 28*r**2 - 164*r - 179. What is p(-2)?
-3
Let u(p) = 203*p**2 - 2586*p - 280. Give u(13).
409
Let h(o) = 2*o**2 + 166*o - 11241. Determine h(-127).
-65
Let b(s) = -s**3 - 10*s**2 - 195*s - 2098. Give b(-10).
-148
Let l(a) = -109*a**2 + 4798*a + 17. What is l(44)?
105
Let s(i) = i**3 + 7*i**2 - 2911*i - 11695. What is s(-4)?
-3
Let x(u) = -13*u**2 + 93*u + 255. Determine x(12).
-501
Let j(q) = 74*q**2 + 380*q + 39. Determine j(-6).
423
Let g(v) = v**2 - 102*v + 1779. Determine g(27).
-246
Let k(p) = -45140*p - 270919. Give k(-6).
-79
Let y(s) = -s**3 + 156*s**2 - 5891*s - 595. Determine y(64).
-787
Let m(t) = -t**2 - 58966*t - 235864. What is m(-4)?
-16
Let d(c) = 1096*c - 69051. What is d(63)?
-3
Let j(h) = 9*h**3 + 306*h**2 - 29*h - 971. Calculate j(-34).
15
Let y(k) = -k**3 + 872*k**2 + 9666*k + 41513. Determine y(883).
12
Let s(t) = 97*t - 941. Give s(10).
29
Let k(g) = 4165*g - 54129. Calculate k(13).
16
Let j(z) = -54*z**3 + 10*z**2 + 65*z - 133. What is j(2)?
-395
Let i(c) = 4450*c - 64645. Give i(14).
-2345
Let p(o) = 22*o**3 + 177*o**2 - 2*o - 109. Give p(-8).
-29
Let z(s) = 2*s**3 - 72*s**2 + 11*s - 321. Calculate z(36).
75
Let t(m) = -2*m**2 - 74*m + 688. What is t(-45)?
-32
Let o(v) = 7*v**2 - 28*v + 48. What is o(-9)?
867
Let h(c) = c**3 - 81*c**2 + 1095*c - 91. Determine h(17).
28
Let r(b) = -193093*b - 579272. Give r(-3).
7
Let q(y) = 5054*y - 32157. Determine q(6).
-1833
Let a(f) = 2*f**2 + 985*f - 5941. Calculate a(6).
41
Let p(v) = 13*v**2 - 4090*v - 5943. Give p(316).
-255
Let p(w) = -1698*w - 6077. Give p(-3).
-983
Let w(z) = -z**3 + 229*z**2 - 2399*z + 140. Determine w(218).
-78
Let d(s) = 445*s - 6057. Determine d(9).
-2052
Let t(g) = -191*g + 8162. Determine t(44).
-242
Let u(y) = 20*y**2 + 134*y - 40. Give u(-9).
374
Let v(s) = -s**2 - 318*s + 5421. Determine v(17).
-274
Let z(o) = o**3 - 119*o**2 - 1438*o + 1099. Determine z(130).
59
Let b(v) = 4*v**3 + 253*v**2 - 430*v + 487. Calculate b(-65).
-1138
Let u(x) = 92*x**3 + 631*x**2 - 25*x + 13. What is u(-7)?
-449
Let z(b) = b**2 - 183*b - 24157. What is z(272)?
51
Let x(n) = -n**3 + 476*n**2 - 6682*n + 13377. Give x(12).
9
Let n(g) = -322*g - 4987. Give n(-19).
1131
Let k(v) = -6993*v + 26803. Calculate k(4).
-1169
Let v(a) = 7*a**2 + 127*a - 47. Give v(12).
2485
Let h(c) = 77347*c + 4408765. Calculate h(-57).
-14
Let g(t) = -t**3 + 92*t**2 + 221*t - 3115. Calculate g(94).
-13
Let z(r) = r**2 - 17*r - 186. Determine z(35).
444
Let c(v) = 10*v**3 + 135*v**2 + 426*v - 113. Calculate c(-6).
31
Let f(l) = -l**2 + 62*l + 4267. What is f(-45)?
-548
Let y(f) = 1258*f**2 + 152*f - 2. What is y(1)?
1408
Let z(b) = 3193*b - 1893. What is z(1)?
1300
Let k(v) = 2*v**3 + 179*v**2 + 3903*v + 654. Calculate k(-37).
-12
Let w(k) = -2*k**2 + 52*k - 1627. Give w(0).
-1627
Let u(l) = -l**2 - 21671*l - 2907351. Determine u(-135).
9
Let l(v) = v**3 + 23*v**2 - 94*v - 267. Determine l(-26).
149
Let s(x) = x**3 + 113*x**2 + 1131*x + 950. Calculate s(-102).
32
Let p(g) = -4*g**3 + 70*g**2 - 47*g + 401. Determine p(7).
2130
Let h(c) = 2*c**3 + 18*c**2 - 33*c - 69. What is h(-13)?
-992
Let u(i) = i**3 - 12*i**2 - 96954*i + 872828. Determine u(9).
-1
Let p(o) = o**3 - 38*o**2 - 52*o + 266. Give p(39).
-241
Let i(h) = 16*h**2 - 616*h + 4808. What is i(30)?
728
Let l(t) = 2*t**3 + 98*t**2 + 860*t + 527. What is l(-10)?
-273
Let h(y) = -8*y**3 - 10*y**2 - 71*y - 329. What is h(-5)?
776
Let c(u) = u**3 - 122*u**2 + 377*u + 11167. What is c(118)?
-43
Let g(n) = 1317*n - 8031. Determine g(5).
-1446
Let j(w) = -17690*w - 229964. What is j(-13)?
6
Let l(k) = k**3 - 190*k**2 - 1390*k - 78. Give l(-7).
-1
Let n(l) = -6*l**3 + 285*l**2 - 132*l - 365. Give n(47).
58
Let l(y) = -407*y + 1894. What is l(6)?
-548
Let l(a) = -5*a**3 + 14*a**2 + 145*a - 203. Calculate l(8).
-707
Let t(g) = -g**3 - 40*g**2 - 460*g - 332. Determine t(-23).
1255
Let s(u) = 7*u**3 + 24*u**2 - 102*u + 118. What is s(4)?
542
Let u(l) = -l**3 - 62*l**2 - 458*l + 1121. What is u(-53)?
114
Let j(k) = 25608*k + 230342. What is j(-9)?
-130
Let i(g) = -g**3 - 58*g**2 - 608*g + 120. What is i(-14)?
8
Let b(g) = -4727*g - 14305. Determine b(-3).
-124
Let m(c) = 2*c**2 + 205*c + 5355. Determine m(-43).
238
Let y(w) = -4*w**3 + w**2 + 42*w - 690. What is y(0)?
-690
Let a(v) = 94*v + 3048. What is a(-35)?
-242
Let s(j) = j**3 + 328*j**2 - 674*j - 4665. Calculate s(-330).
-45
Let x(m) = 134*m + 23852. Calculate x(-178).
0
Let o(g) = 2660*g + 21272. Give o(-8).
-8
Let r(l) = -71447*l - 71469. Calculate r(-1).
-22
Let p(q) = -q**3 - 23*q**2 + 209*q + 3842. What is p(-25)?
-133
Let f(w) = -w**2 - 1411*w - 22301. Determine f(-16).
19
Let y(f) = -1178*f + 32935. Calculate y(28).
-49
Let m(b) = 13328*b + 39729. Give m(-3).
-255
Let r(w) = -7552*w + 37533. What is r(5)?
-227
Let v(y) = 2*y**3 - 313*y**2 - 17105*y + 2234. Give v(-43).
-2
Let q(k) = -3*k**3 + 126*k**2 + 150*k - 899. Calculate q(43).
4
Let t(s) = -s**3 - 63*s**2 - 572*s + 30. Give t(-11).
30
Let c(p) = 338*p + 92530. Give c(-274).
-82
Let u(x) = 12*x**3 - 29*x**2 - 106*x - 9. What is u(-4)?
-817
Let p(s) = -5*s**3 - 2435*s**2 + 2442*s - 6. Give p(1).
-4
Let l(r) = 17*r**2 - 10*r - 72. Give l(-5).
403
Let f(k) = -11*k**2 - 890*k - 6060. Determine f(-7).
-369
Let g(o) = 63506*o - 508361. Calculate g(8).
-313
Let a(x) = 386*x - 86797. Give a(225).
53
Let t(l) = -153*l**2 + 13465*l - 48. What is t(88)?
40
Let x(g) = -7*g**2 + 459*g - 2473. Calculate x(59).
241
Let g(m) = 13*m**2 + 2371*m + 11884. Give g(-5).
354
Let s(f) = 10*f**3 - 69*f**2 + 19*f - 177. Calculate s(7).
5
Let m(f) = 2*f**3 - 284*f**2 + 69*f - 9815. Determine m(142).
-17
Let v(c) = c**3 - 118*c**2 + 719*c - 11. Give v(7).
-417
Let k(w) = -3*w**2 + 610*w - 30468. Determine k(88).
-20
Let l(t) = -6026*t + 11423. Determine l(2).
-629
Let d(t) = 302*t**2 - 2705*t - 117. What is d(9)?
0
Let c(i) = 295*i - 81764. Give c(280).
836
Let r(l) = 85*l**2 + 1361*l - 4829. Determine r(-19).
-3
Let p(k) = 3538*k - 633248. What is p(179)?
54
Let i(v) = 10*v**2 + 388*v - 1273. Calculate i(3).
-19
Let h(o) = -387895*o + 2715278. Give h(7).
13
Let v(w) = 2*w**3 - 72*w**2 + 190*w + 41. Determine v(33).
-223
Let d(l) = -976*l - 48834. Give d(-50).
-34
Let p(z) = -z**3 + 26*z**2 + 1160*z - 1595. Calculate p(49).
22
Let z(j) = 2*j**3 - 143*j**2 - 511*j + 31611. What 